{"id":72,"date":"2019-06-19T11:40:43","date_gmt":"2019-06-19T09:40:43","guid":{"rendered":"http:\/\/baiedesomme-exploration.fr\/?page_id=72"},"modified":"2026-02-16T14:43:53","modified_gmt":"2026-02-16T13:43:53","slug":"contact","status":"publish","type":"page","link":"https:\/\/baiedesomme-exploration.fr\/index.php\/contact\/","title":{"rendered":"Contact"},"content":{"rendered":"<p>[et_pb_section fb_built=\u00a0\u00bb1&Prime; _builder_version=\u00a0\u00bb4.16&Prime; background_image=\u00a0\u00bbhttps:\/\/baiedesomme-exploration.fr\/wp-content\/uploads\/2019\/06\/MG_8449.jpg\u00a0\u00bb parallax=\u00a0\u00bbon\u00a0\u00bb global_colors_info=\u00a0\u00bb{}\u00a0\u00bb][et_pb_row column_structure=\u00a0\u00bb1_2,1_2&Prime; _builder_version=\u00a0\u00bb4.16&Prime; global_colors_info=\u00a0\u00bb{}\u00a0\u00bb][et_pb_column type=\u00a0\u00bb1_2&Prime; _builder_version=\u00a0\u00bb4.16&Prime; custom_padding=\u00a0\u00bb|||\u00a0\u00bb global_colors_info=\u00a0\u00bb{}\u00a0\u00bb custom_padding__hover=\u00a0\u00bb|||\u00a0\u00bb][et_pb_blurb title=\u00a0\u00bbFormulaire de contact\u00a0\u00bb use_icon=\u00a0\u00bbon\u00a0\u00bb font_icon=\u00a0\u00bb&#x6c;||divi||400&Prime; icon_color=\u00a0\u00bb#77bbc6&Prime; icon_placement=\u00a0\u00bbleft\u00a0\u00bb image_icon_width=\u00a0\u00bb70px\u00a0\u00bb _builder_version=\u00a0\u00bb4.27.5&Prime; header_font=\u00a0\u00bb||||||||\u00a0\u00bb header_text_color=\u00a0\u00bb#00acc6&Prime; body_font=\u00a0\u00bb||||||||\u00a0\u00bb body_line_height=\u00a0\u00bb1.4em\u00a0\u00bb icon_font_size=\u00a0\u00bb70px\u00a0\u00bb global_colors_info=\u00a0\u00bb{}\u00a0\u00bb]<\/p>\n<p>Vous pouvez ici nous faire part de <strong>votre demande<\/strong> (informations, tarifs, r\u00e9servation,&#8230;). Vous pouvez aussi nous contacter directement par t\u00e9l\u00e9phone ou SMS <strong>au 06 17 15 30 76<\/strong><\/p>\n<p>[\/et_pb_blurb][et_pb_contact_form use_spam_service=\u00a0\u00bbon\u00a0\u00bb recaptcha_list=\u00a0\u00bbDefault-0&Prime; email=\u00a0\u00bbcontact@baiedesomme-exploration.fr\u00a0\u00bb custom_message=\u00a0\u00bbUne demande vient d&rsquo;arriver !||et_pb_line_break_holder||||et_pb_line_break_holder||Nom : %%nom%%||et_pb_line_break_holder||Pr\u00e9nom : %%prenom%%||et_pb_line_break_holder||Mail : %%mail%%||et_pb_line_break_holder||Soci\u00e9t\u00e9 : %%societe%%||et_pb_line_break_holder||T\u00e9l\u00e9phone : %%telephone%%||et_pb_line_break_holder||||et_pb_line_break_holder||Le message :||et_pb_line_break_holder||%%message%%||et_pb_line_break_holder||||et_pb_line_break_holder||Il vous a d\u00e9couvert par : %%decouvert%%||et_pb_line_break_holder||Cette demande concerne : %%activite%%||et_pb_line_break_holder||\u00a0\u00bb success_message=\u00a0\u00bbMerci de votre message, nous revenons tr\u00e8s vite vers vous !\u00a0\u00bb submit_button_text=\u00a0\u00bbEnvoyer ma demande\u00a0\u00bb _builder_version=\u00a0\u00bb4.27.5&Prime; _module_preset=\u00a0\u00bbdefault\u00a0\u00bb _unique_id=\u00a0\u00bb19c0e341-9433-444d-a9ac-4207a595c8f0&Prime; form_field_background_color=\u00a0\u00bbrgba(255,255,255,0.5)\u00a0\u00bb form_field_text_color=\u00a0\u00bb#086eb2&Prime; form_field_focus_background_color=\u00a0\u00bb#FFFFFF\u00a0\u00bb form_field_focus_text_color=\u00a0\u00bb#E09900&Prime; custom_button=\u00a0\u00bbon\u00a0\u00bb button_text_color=\u00a0\u00bb#FFFFFF\u00a0\u00bb button_bg_color=\u00a0\u00bb#7fa6c1&Prime; button_border_width=\u00a0\u00bb0px\u00a0\u00bb button_border_radius=\u00a0\u00bb14px\u00a0\u00bb button_icon=\u00a0\u00bb&#xe010;||divi||400&Prime; button_icon_color=\u00a0\u00bb#FFFFFF\u00a0\u00bb border_radii=\u00a0\u00bbon|14px|14px|14px|14px\u00a0\u00bb global_colors_info=\u00a0\u00bb{}\u00a0\u00bb][et_pb_contact_field field_id=\u00a0\u00bbnom\u00a0\u00bb field_title=\u00a0\u00bbNom*\u00a0\u00bb _builder_version=\u00a0\u00bb4.27.5&Prime; global_colors_info=\u00a0\u00bb{}\u00a0\u00bb button_text_size__hover_enabled=\u00a0\u00bboff\u00a0\u00bb button_one_text_size__hover_enabled=\u00a0\u00bboff\u00a0\u00bb button_two_text_size__hover_enabled=\u00a0\u00bboff\u00a0\u00bb button_text_color__hover_enabled=\u00a0\u00bboff\u00a0\u00bb button_one_text_color__hover_enabled=\u00a0\u00bboff\u00a0\u00bb button_two_text_color__hover_enabled=\u00a0\u00bboff\u00a0\u00bb button_border_width__hover_enabled=\u00a0\u00bboff\u00a0\u00bb button_one_border_width__hover_enabled=\u00a0\u00bboff\u00a0\u00bb button_two_border_width__hover_enabled=\u00a0\u00bboff\u00a0\u00bb button_border_color__hover_enabled=\u00a0\u00bboff\u00a0\u00bb button_one_border_color__hover_enabled=\u00a0\u00bboff\u00a0\u00bb button_two_border_color__hover_enabled=\u00a0\u00bboff\u00a0\u00bb button_border_radius__hover_enabled=\u00a0\u00bboff\u00a0\u00bb button_one_border_radius__hover_enabled=\u00a0\u00bboff\u00a0\u00bb button_two_border_radius__hover_enabled=\u00a0\u00bboff\u00a0\u00bb button_letter_spacing__hover_enabled=\u00a0\u00bboff\u00a0\u00bb button_one_letter_spacing__hover_enabled=\u00a0\u00bboff\u00a0\u00bb button_two_letter_spacing__hover_enabled=\u00a0\u00bboff\u00a0\u00bb button_bg_color__hover_enabled=\u00a0\u00bboff\u00a0\u00bb button_one_bg_color__hover_enabled=\u00a0\u00bboff\u00a0\u00bb button_two_bg_color__hover_enabled=\u00a0\u00bboff\u00a0\u00bb][\/et_pb_contact_field][et_pb_contact_field field_id=\u00a0\u00bbprenom\u00a0\u00bb field_title=\u00a0\u00bbPr\u00e9nom\u00a0\u00bb required_mark=\u00a0\u00bboff\u00a0\u00bb _builder_version=\u00a0\u00bb4.27.5&Prime; _module_preset=\u00a0\u00bbdefault\u00a0\u00bb global_colors_info=\u00a0\u00bb{}\u00a0\u00bb][\/et_pb_contact_field][et_pb_contact_field field_id=\u00a0\u00bbmail\u00a0\u00bb field_title=\u00a0\u00bbAdresse e-mail*\u00a0\u00bb field_type=\u00a0\u00bbemail\u00a0\u00bb _builder_version=\u00a0\u00bb4.27.5&Prime; global_colors_info=\u00a0\u00bb{}\u00a0\u00bb button_text_size__hover_enabled=\u00a0\u00bboff\u00a0\u00bb button_one_text_size__hover_enabled=\u00a0\u00bboff\u00a0\u00bb button_two_text_size__hover_enabled=\u00a0\u00bboff\u00a0\u00bb button_text_color__hover_enabled=\u00a0\u00bboff\u00a0\u00bb button_one_text_color__hover_enabled=\u00a0\u00bboff\u00a0\u00bb button_two_text_color__hover_enabled=\u00a0\u00bboff\u00a0\u00bb button_border_width__hover_enabled=\u00a0\u00bboff\u00a0\u00bb button_one_border_width__hover_enabled=\u00a0\u00bboff\u00a0\u00bb button_two_border_width__hover_enabled=\u00a0\u00bboff\u00a0\u00bb button_border_color__hover_enabled=\u00a0\u00bboff\u00a0\u00bb button_one_border_color__hover_enabled=\u00a0\u00bboff\u00a0\u00bb button_two_border_color__hover_enabled=\u00a0\u00bboff\u00a0\u00bb button_border_radius__hover_enabled=\u00a0\u00bboff\u00a0\u00bb button_one_border_radius__hover_enabled=\u00a0\u00bboff\u00a0\u00bb button_two_border_radius__hover_enabled=\u00a0\u00bboff\u00a0\u00bb button_letter_spacing__hover_enabled=\u00a0\u00bboff\u00a0\u00bb button_one_letter_spacing__hover_enabled=\u00a0\u00bboff\u00a0\u00bb button_two_letter_spacing__hover_enabled=\u00a0\u00bboff\u00a0\u00bb button_bg_color__hover_enabled=\u00a0\u00bboff\u00a0\u00bb button_one_bg_color__hover_enabled=\u00a0\u00bboff\u00a0\u00bb button_two_bg_color__hover_enabled=\u00a0\u00bboff\u00a0\u00bb][\/et_pb_contact_field][et_pb_contact_field field_id=\u00a0\u00bbsociete\u00a0\u00bb field_title=\u00a0\u00bbNom de la soci\u00e9t\u00e9\u00a0\u00bb _builder_version=\u00a0\u00bb4.27.5&Prime; _module_preset=\u00a0\u00bbdefault\u00a0\u00bb global_colors_info=\u00a0\u00bb{}\u00a0\u00bb][\/et_pb_contact_field][et_pb_contact_field field_id=\u00a0\u00bbtelephone\u00a0\u00bb field_title=\u00a0\u00bbT\u00e9l\u00e9phone*\u00a0\u00bb fullwidth_field=\u00a0\u00bbon\u00a0\u00bb _builder_version=\u00a0\u00bb4.27.5&Prime; _module_preset=\u00a0\u00bbdefault\u00a0\u00bb global_colors_info=\u00a0\u00bb{}\u00a0\u00bb][\/et_pb_contact_field][et_pb_contact_field field_id=\u00a0\u00bbactivite\u00a0\u00bb field_title=\u00a0\u00bbVotre demande concerne l&rsquo;activit\u00e9&#8230;*\u00a0\u00bb field_type=\u00a0\u00bbselect\u00a0\u00bb select_options=\u00a0\u00bb%91{%22value%22:%22J&rsquo;h\u00e9site encore !%22,%22checked%22:0,%22dragID%22:-1},{%22value%22:%22Le Bois de Cise%22,%22checked%22:0,%22dragID%22:0},{%22value%22:%22La cit\u00e9 m\u00e9di\u00e9vale de Saint-Valery-sur-Somme%22,%22checked%22:0,%22dragID%22:1},{%22value%22:%22Le Lac de Belle Dune%22,%22checked%22:0,%22dragID%22:2},{%22value%22:%22La Bouvaque \u00e0 Abbeville%22,%22checked%22:0,%22dragID%22:3},{%22value%22:%22Le Marquenterre%22,%22checked%22:0,%22dragID%22:4},{%22value%22:%22Les Dunes du Royon%22,%22checked%22:0,%22dragID%22:5},{%22value%22:%22Hardelot%22,%22checked%22:0,%22dragID%22:6},{%22value%22:%22Cappy%22,%22checked%22:0,%22dragID%22:7},{%22value%22:%22Chasse au tr\u00e9sor en mode Escape Game%22,%22checked%22:0,%22dragID%22:8},{%22value%22:%22Les Amis du Jardin%22,%22checked%22:0,%22dragID%22:9},{%22value%22:%22Sur la piste de nos animaux sauvages%22,%22checked%22:0,%22dragID%22:10},{%22value%22:%22Explore le Crotoy%22,%22checked%22:0,%22dragID%22:11},{%22value%22:%22Cl\u00e9ry-sur-Somme%22,%22checked%22:0,%22dragID%22:12},{%22value%22:%22Etangs de la Barette%22,%22checked%22:0,%22dragID%22:13},{%22value%22:%22Vall\u00e9e d&rsquo;Acon%22,%22checked%22:0,%22dragID%22:14}%93&Prime; fullwidth_field=\u00a0\u00bbon\u00a0\u00bb _builder_version=\u00a0\u00bb4.27.5&Prime; _module_preset=\u00a0\u00bbdefault\u00a0\u00bb global_colors_info=\u00a0\u00bb{}\u00a0\u00bb][\/et_pb_contact_field][et_pb_contact_field field_id=\u00a0\u00bbmessage\u00a0\u00bb field_title=\u00a0\u00bbVotre message* N&rsquo;h\u00e9sitez pas \u00e0 d\u00e9tailler : le nombre de participants, les dates ou p\u00e9riodes souhait\u00e9es, le type d&rsquo;\u00e9v\u00e8nement (s\u00e9minaires, EVJF, EVJG, anniversaires, sorties scolaires, en famille, etc)\u00a0\u00bb field_type=\u00a0\u00bbtext\u00a0\u00bb fullwidth_field=\u00a0\u00bbon\u00a0\u00bb _builder_version=\u00a0\u00bb4.27.5&Prime; global_colors_info=\u00a0\u00bb{}\u00a0\u00bb button_text_size__hover_enabled=\u00a0\u00bboff\u00a0\u00bb button_one_text_size__hover_enabled=\u00a0\u00bboff\u00a0\u00bb button_two_text_size__hover_enabled=\u00a0\u00bboff\u00a0\u00bb button_text_color__hover_enabled=\u00a0\u00bboff\u00a0\u00bb button_one_text_color__hover_enabled=\u00a0\u00bboff\u00a0\u00bb button_two_text_color__hover_enabled=\u00a0\u00bboff\u00a0\u00bb button_border_width__hover_enabled=\u00a0\u00bboff\u00a0\u00bb button_one_border_width__hover_enabled=\u00a0\u00bboff\u00a0\u00bb button_two_border_width__hover_enabled=\u00a0\u00bboff\u00a0\u00bb button_border_color__hover_enabled=\u00a0\u00bboff\u00a0\u00bb button_one_border_color__hover_enabled=\u00a0\u00bboff\u00a0\u00bb button_two_border_color__hover_enabled=\u00a0\u00bboff\u00a0\u00bb button_border_radius__hover_enabled=\u00a0\u00bboff\u00a0\u00bb button_one_border_radius__hover_enabled=\u00a0\u00bboff\u00a0\u00bb button_two_border_radius__hover_enabled=\u00a0\u00bboff\u00a0\u00bb button_letter_spacing__hover_enabled=\u00a0\u00bboff\u00a0\u00bb button_one_letter_spacing__hover_enabled=\u00a0\u00bboff\u00a0\u00bb button_two_letter_spacing__hover_enabled=\u00a0\u00bboff\u00a0\u00bb button_bg_color__hover_enabled=\u00a0\u00bboff\u00a0\u00bb button_one_bg_color__hover_enabled=\u00a0\u00bboff\u00a0\u00bb button_two_bg_color__hover_enabled=\u00a0\u00bboff\u00a0\u00bb][\/et_pb_contact_field][et_pb_contact_field field_id=\u00a0\u00bbdecouvert\u00a0\u00bb field_title=\u00a0\u00bbComment vous nous avez d\u00e9couvert ?*\u00a0\u00bb field_type=\u00a0\u00bbselect\u00a0\u00bb select_options=\u00a0\u00bb%91{%22value%22:%22Bouche \u00e0 oreille%22,%22checked%22:0,%22dragID%22:-1},{%22dragID%22:0,%22value%22:%22R\u00e9seaux sociaux%22,%22checked%22:0},{%22dragID%22:1,%22value%22:%22Office du tourisme%22,%22checked%22:0},{%22dragID%22:2,%22value%22:%22H\u00e9bergement%22,%22checked%22:0},{%22dragID%22:3,%22value%22:%22TripAdvisor%22,%22checked%22:0},{%22dragID%22:4,%22value%22:%22Moteur de recherche%22,%22checked%22:0},{%22dragID%22:5,%22value%22:%22Autre%22,%22checked%22:0}%93&Prime; fullwidth_field=\u00a0\u00bbon\u00a0\u00bb _builder_version=\u00a0\u00bb4.27.5&Prime; _module_preset=\u00a0\u00bbdefault\u00a0\u00bb global_colors_info=\u00a0\u00bb{}\u00a0\u00bb][\/et_pb_contact_field][\/et_pb_contact_form][\/et_pb_column][et_pb_column type=\u00a0\u00bb1_2&Prime; _builder_version=\u00a0\u00bb4.16&Prime; custom_padding=\u00a0\u00bb|||\u00a0\u00bb global_colors_info=\u00a0\u00bb{}\u00a0\u00bb custom_padding__hover=\u00a0\u00bb|||\u00a0\u00bb][et_pb_blurb title=\u00a0\u00bbBaie de Somme Exploration\u00a0\u00bb image=\u00a0\u00bbhttps:\/\/baiedesomme-exploration.fr\/wp-content\/uploads\/2019\/05\/Logo-Baie-de-somme-Exploration-72dpi-e1559121961540.png\u00a0\u00bb _builder_version=\u00a0\u00bb4.27.5&Prime; custom_padding=\u00a0\u00bb||||false|true\u00a0\u00bb hover_enabled=\u00a0\u00bb0&Prime; global_colors_info=\u00a0\u00bb{}\u00a0\u00bb sticky_enabled=\u00a0\u00bb0&Prime; header_text_align=\u00a0\u00bbcenter\u00a0\u00bb body_text_align=\u00a0\u00bbcenter\u00a0\u00bb body_text_color=\u00a0\u00bb#000000&Prime; header_text_color=\u00a0\u00bb#000000&Prime;]<\/p>\n<p style=\"text-align: center;\">11 rue de la gare<br \/>Lambercourt<br \/>80132 Miannay<br \/>(sur rendez-vous)<\/p>\n<p>[\/et_pb_blurb][et_pb_blurb title=\u00a0\u00bbT\u00e9l : 06 17 15 30 76&Prime; _builder_version=\u00a0\u00bb4.27.5&Prime; header_font=\u00a0\u00bb|700|||||||\u00a0\u00bb header_text_color=\u00a0\u00bb#00acc6&Prime; header_font_size=\u00a0\u00bb23px\u00a0\u00bb text_orientation=\u00a0\u00bbcenter\u00a0\u00bb custom_margin=\u00a0\u00bb||||false|true\u00a0\u00bb custom_padding=\u00a0\u00bb11px|0px|3px|0px|false|true\u00a0\u00bb hover_enabled=\u00a0\u00bb0&Prime; border_radii=\u00a0\u00bbon|14px|14px|14px|14px\u00a0\u00bb box_shadow_style=\u00a0\u00bbpreset1&Prime; global_colors_info=\u00a0\u00bb{}\u00a0\u00bb sticky_enabled=\u00a0\u00bb0&Prime;][\/et_pb_blurb][et_pb_button button_url=\u00a0\u00bbhttps:\/\/baiedesomme-exploration.fr\/wp-content\/uploads\/2020\/04\/Questionnaire-Qualinat-version-BSE_29.04.2020.pdf\u00a0\u00bb url_new_window=\u00a0\u00bbon\u00a0\u00bb button_text=\u00a0\u00bbRemplir le questionnaire de satisfaction Qualinat\u00a0\u00bb button_alignment=\u00a0\u00bbcenter\u00a0\u00bb _builder_version=\u00a0\u00bb4.16&Prime; custom_button=\u00a0\u00bbon\u00a0\u00bb button_text_size=\u00a0\u00bb15px\u00a0\u00bb button_text_color=\u00a0\u00bb#00acc6&Prime; button_bg_color=\u00a0\u00bb#ffffff\u00a0\u00bb button_border_width=\u00a0\u00bb2px\u00a0\u00bb button_border_radius=\u00a0\u00bb15px\u00a0\u00bb button_font=\u00a0\u00bb||||||||\u00a0\u00bb button_icon=\u00a0\u00bb&#x6c;||divi||400&Prime; button_icon_placement=\u00a0\u00bbleft\u00a0\u00bb custom_margin=\u00a0\u00bb-20px||\u00a0\u00bb box_shadow_style=\u00a0\u00bbpreset1&Prime; global_colors_info=\u00a0\u00bb{}\u00a0\u00bb][\/et_pb_button][et_pb_text _builder_version=\u00a0\u00bb4.27.5&Prime; _module_preset=\u00a0\u00bbdefault\u00a0\u00bb global_colors_info=\u00a0\u00bb{}\u00a0\u00bb]<\/p>\n<p style=\"text-align: center;\"><img loading=\"lazy\" decoding=\"async\" src=\"https:\/\/baiedesomme-exploration.fr\/wp-content\/uploads\/2024\/12\/Destination-E_CMJN-264x300.png\" width=\"145\" height=\"165\" alt=\"\" class=\"wp-image-2182 alignnone size-medium\" srcset=\"https:\/\/baiedesomme-exploration.fr\/wp-content\/uploads\/2024\/12\/Destination-E_CMJN-264x300.png 264w, https:\/\/baiedesomme-exploration.fr\/wp-content\/uploads\/2024\/12\/Destination-E_CMJN-902x1024.png 902w, https:\/\/baiedesomme-exploration.fr\/wp-content\/uploads\/2024\/12\/Destination-E_CMJN-768x872.png 768w, https:\/\/baiedesomme-exploration.fr\/wp-content\/uploads\/2024\/12\/Destination-E_CMJN-1352x1536.png 1352w, https:\/\/baiedesomme-exploration.fr\/wp-content\/uploads\/2024\/12\/Destination-E_CMJN-1803x2048.png 1803w, https:\/\/baiedesomme-exploration.fr\/wp-content\/uploads\/2024\/12\/Destination-E_CMJN-1080x1227.png 1080w\" sizes=\"(max-width: 145px) 100vw, 145px\" \/> <img loading=\"lazy\" decoding=\"async\" src=\"https:\/\/baiedesomme-exploration.fr\/wp-content\/uploads\/2021\/04\/logo-qualinat.png\" width=\"157\" height=\"154\" alt=\"\" class=\"wp-image-696 alignnone size-full\" \/><\/p>\n<p>[\/et_pb_text][\/et_pb_column][\/et_pb_row][\/et_pb_section]<\/p>\n","protected":false},"excerpt":{"rendered":"<p>Vous pouvez ici nous faire part de votre demande (informations, tarifs, r\u00e9servation,&#8230;). Vous pouvez aussi nous contacter directement par t\u00e9l\u00e9phone ou SMS au 06 17 15 30 7611 rue de la gareLambercourt80132 Miannay(sur rendez-vous)<\/p>\n","protected":false},"author":1,"featured_media":0,"parent":0,"menu_order":0,"comment_status":"closed","ping_status":"closed","template":"","meta":{"_et_pb_use_builder":"on","_et_pb_old_content":"<!-- wp:divi\/placeholder \/-->","_et_gb_content_width":"","footnotes":""},"class_list":["post-72","page","type-page","status-publish","hentry"],"yoast_head":"<!-- This site is optimized with the Yoast SEO plugin v27.5 - https:\/\/yoast.com\/product\/yoast-seo-wordpress\/ -->\n<title>Contact - Baie de Somme Exploration<\/title>\n<meta name=\"robots\" content=\"index, follow, max-snippet:-1, max-image-preview:large, max-video-preview:-1\" \/>\n<link rel=\"canonical\" href=\"https:\/\/baiedesomme-exploration.fr\/index.php\/contact\/\" \/>\n<meta property=\"og:locale\" content=\"fr_FR\" \/>\n<meta property=\"og:type\" content=\"article\" \/>\n<meta property=\"og:title\" content=\"Contact - Baie de Somme Exploration\" \/>\n<meta property=\"og:description\" content=\"Vous pouvez ici nous faire part de votre demande (informations, tarifs, r\u00e9servation,...). Vous pouvez aussi nous contacter directement par t\u00e9l\u00e9phone ou SMS au 06 17 15 30 7611 rue de la gareLambercourt80132 Miannay(sur rendez-vous)\" \/>\n<meta property=\"og:url\" content=\"https:\/\/baiedesomme-exploration.fr\/index.php\/contact\/\" \/>\n<meta property=\"og:site_name\" content=\"Baie de Somme Exploration\" \/>\n<meta property=\"article:modified_time\" content=\"2026-02-16T13:43:53+00:00\" \/>\n<meta property=\"og:image\" content=\"https:\/\/baiedesomme-exploration.fr\/wp-content\/uploads\/2024\/12\/Destination-E_CMJN-264x300.png\" \/>\n<meta name=\"twitter:card\" content=\"summary_large_image\" \/>\n<meta name=\"twitter:label1\" content=\"Dur\u00e9e de lecture estim\u00e9e\" \/>\n\t<meta name=\"twitter:data1\" content=\"7 minutes\" \/>\n<script type=\"application\/ld+json\" class=\"yoast-schema-graph\">{\"@context\":\"https:\\\/\\\/schema.org\",\"@graph\":[{\"@type\":\"WebPage\",\"@id\":\"https:\\\/\\\/baiedesomme-exploration.fr\\\/index.php\\\/contact\\\/\",\"url\":\"https:\\\/\\\/baiedesomme-exploration.fr\\\/index.php\\\/contact\\\/\",\"name\":\"Contact - Baie de Somme Exploration\",\"isPartOf\":{\"@id\":\"https:\\\/\\\/baiedesomme-exploration.fr\\\/#website\"},\"primaryImageOfPage\":{\"@id\":\"https:\\\/\\\/baiedesomme-exploration.fr\\\/index.php\\\/contact\\\/#primaryimage\"},\"image\":{\"@id\":\"https:\\\/\\\/baiedesomme-exploration.fr\\\/index.php\\\/contact\\\/#primaryimage\"},\"thumbnailUrl\":\"https:\\\/\\\/baiedesomme-exploration.fr\\\/wp-content\\\/uploads\\\/2024\\\/12\\\/Destination-E_CMJN-264x300.png\",\"datePublished\":\"2019-06-19T09:40:43+00:00\",\"dateModified\":\"2026-02-16T13:43:53+00:00\",\"breadcrumb\":{\"@id\":\"https:\\\/\\\/baiedesomme-exploration.fr\\\/index.php\\\/contact\\\/#breadcrumb\"},\"inLanguage\":\"fr-FR\",\"potentialAction\":[{\"@type\":\"ReadAction\",\"target\":[\"https:\\\/\\\/baiedesomme-exploration.fr\\\/index.php\\\/contact\\\/\"]}]},{\"@type\":\"ImageObject\",\"inLanguage\":\"fr-FR\",\"@id\":\"https:\\\/\\\/baiedesomme-exploration.fr\\\/index.php\\\/contact\\\/#primaryimage\",\"url\":\"https:\\\/\\\/baiedesomme-exploration.fr\\\/wp-content\\\/uploads\\\/2024\\\/12\\\/Destination-E_CMJN.png\",\"contentUrl\":\"https:\\\/\\\/baiedesomme-exploration.fr\\\/wp-content\\\/uploads\\\/2024\\\/12\\\/Destination-E_CMJN.png\",\"width\":8584,\"height\":9750},{\"@type\":\"BreadcrumbList\",\"@id\":\"https:\\\/\\\/baiedesomme-exploration.fr\\\/index.php\\\/contact\\\/#breadcrumb\",\"itemListElement\":[{\"@type\":\"ListItem\",\"position\":1,\"name\":\"Accueil\",\"item\":\"https:\\\/\\\/baiedesomme-exploration.fr\\\/\"},{\"@type\":\"ListItem\",\"position\":2,\"name\":\"Contact\"}]},{\"@type\":\"WebSite\",\"@id\":\"https:\\\/\\\/baiedesomme-exploration.fr\\\/#website\",\"url\":\"https:\\\/\\\/baiedesomme-exploration.fr\\\/\",\"name\":\"Baie de Somme Exploration\",\"description\":\"Organisation d&#039;activit\u00e9s touristiques en Baie de Somme\",\"potentialAction\":[{\"@type\":\"SearchAction\",\"target\":{\"@type\":\"EntryPoint\",\"urlTemplate\":\"https:\\\/\\\/baiedesomme-exploration.fr\\\/?s={search_term_string}\"},\"query-input\":{\"@type\":\"PropertyValueSpecification\",\"valueRequired\":true,\"valueName\":\"search_term_string\"}}],\"inLanguage\":\"fr-FR\"}]}<\/script>\n<!-- \/ Yoast SEO plugin. -->","yoast_head_json":{"title":"Contact - Baie de Somme Exploration","robots":{"index":"index","follow":"follow","max-snippet":"max-snippet:-1","max-image-preview":"max-image-preview:large","max-video-preview":"max-video-preview:-1"},"canonical":"https:\/\/baiedesomme-exploration.fr\/index.php\/contact\/","og_locale":"fr_FR","og_type":"article","og_title":"Contact - Baie de Somme Exploration","og_description":"Vous pouvez ici nous faire part de votre demande (informations, tarifs, r\u00e9servation,...). Vous pouvez aussi nous contacter directement par t\u00e9l\u00e9phone ou SMS au 06 17 15 30 7611 rue de la gareLambercourt80132 Miannay(sur rendez-vous)","og_url":"https:\/\/baiedesomme-exploration.fr\/index.php\/contact\/","og_site_name":"Baie de Somme Exploration","article_modified_time":"2026-02-16T13:43:53+00:00","og_image":[{"url":"https:\/\/baiedesomme-exploration.fr\/wp-content\/uploads\/2024\/12\/Destination-E_CMJN-264x300.png","type":"","width":"","height":""}],"twitter_card":"summary_large_image","twitter_misc":{"Dur\u00e9e de lecture estim\u00e9e":"7 minutes"},"schema":{"@context":"https:\/\/schema.org","@graph":[{"@type":"WebPage","@id":"https:\/\/baiedesomme-exploration.fr\/index.php\/contact\/","url":"https:\/\/baiedesomme-exploration.fr\/index.php\/contact\/","name":"Contact - Baie de Somme Exploration","isPartOf":{"@id":"https:\/\/baiedesomme-exploration.fr\/#website"},"primaryImageOfPage":{"@id":"https:\/\/baiedesomme-exploration.fr\/index.php\/contact\/#primaryimage"},"image":{"@id":"https:\/\/baiedesomme-exploration.fr\/index.php\/contact\/#primaryimage"},"thumbnailUrl":"https:\/\/baiedesomme-exploration.fr\/wp-content\/uploads\/2024\/12\/Destination-E_CMJN-264x300.png","datePublished":"2019-06-19T09:40:43+00:00","dateModified":"2026-02-16T13:43:53+00:00","breadcrumb":{"@id":"https:\/\/baiedesomme-exploration.fr\/index.php\/contact\/#breadcrumb"},"inLanguage":"fr-FR","potentialAction":[{"@type":"ReadAction","target":["https:\/\/baiedesomme-exploration.fr\/index.php\/contact\/"]}]},{"@type":"ImageObject","inLanguage":"fr-FR","@id":"https:\/\/baiedesomme-exploration.fr\/index.php\/contact\/#primaryimage","url":"https:\/\/baiedesomme-exploration.fr\/wp-content\/uploads\/2024\/12\/Destination-E_CMJN.png","contentUrl":"https:\/\/baiedesomme-exploration.fr\/wp-content\/uploads\/2024\/12\/Destination-E_CMJN.png","width":8584,"height":9750},{"@type":"BreadcrumbList","@id":"https:\/\/baiedesomme-exploration.fr\/index.php\/contact\/#breadcrumb","itemListElement":[{"@type":"ListItem","position":1,"name":"Accueil","item":"https:\/\/baiedesomme-exploration.fr\/"},{"@type":"ListItem","position":2,"name":"Contact"}]},{"@type":"WebSite","@id":"https:\/\/baiedesomme-exploration.fr\/#website","url":"https:\/\/baiedesomme-exploration.fr\/","name":"Baie de Somme Exploration","description":"Organisation d&#039;activit\u00e9s touristiques en Baie de Somme","potentialAction":[{"@type":"SearchAction","target":{"@type":"EntryPoint","urlTemplate":"https:\/\/baiedesomme-exploration.fr\/?s={search_term_string}"},"query-input":{"@type":"PropertyValueSpecification","valueRequired":true,"valueName":"search_term_string"}}],"inLanguage":"fr-FR"}]}},"_links":{"self":[{"href":"https:\/\/baiedesomme-exploration.fr\/index.php\/wp-json\/wp\/v2\/pages\/72","targetHints":{"allow":["GET"]}}],"collection":[{"href":"https:\/\/baiedesomme-exploration.fr\/index.php\/wp-json\/wp\/v2\/pages"}],"about":[{"href":"https:\/\/baiedesomme-exploration.fr\/index.php\/wp-json\/wp\/v2\/types\/page"}],"author":[{"embeddable":true,"href":"https:\/\/baiedesomme-exploration.fr\/index.php\/wp-json\/wp\/v2\/users\/1"}],"replies":[{"embeddable":true,"href":"https:\/\/baiedesomme-exploration.fr\/index.php\/wp-json\/wp\/v2\/comments?post=72"}],"version-history":[{"count":37,"href":"https:\/\/baiedesomme-exploration.fr\/index.php\/wp-json\/wp\/v2\/pages\/72\/revisions"}],"predecessor-version":[{"id":2883,"href":"https:\/\/baiedesomme-exploration.fr\/index.php\/wp-json\/wp\/v2\/pages\/72\/revisions\/2883"}],"wp:attachment":[{"href":"https:\/\/baiedesomme-exploration.fr\/index.php\/wp-json\/wp\/v2\/media?parent=72"}],"curies":[{"name":"wp","href":"https:\/\/api.w.org\/{rel}","templated":true}]}}